of 65?
True
Is 10584 a multiple of 63?
True
Does 14 divide 926?
False
Is 40 a factor of 232?
False
Is 64437 a multiple of 105?
False
Is 3933 a multiple of 6?
False
Does 32 divide 9282?
False
Does 46 divide 5405?
False
Is 99 a multiple of 9?
True
Is 7134 a multiple of 44?
False
Is 1285 a multiple of 142?
False
Is 1129 a multiple of 12?
False
Does 22 divide 4972?
True
Is 4 a factor of 96?
True
Is 25 a factor of 100?
True
Is 541 a multiple of 91?
False
Does 28 divide 4078?
False
Is 192 a multiple of 48?
True
Is 15516 a multiple of 36?
True
Is 19 a factor of 1657?
False
Is 452 a multiple of 16?
False
Does 15 divide 930?
True
Does 34 divide 4140?
False
Is 18 a factor of 27360?
True
Is 23 a factor of 120597?
False
Is 3660 a multiple of 20?
True
Is 280 a multiple of 20?
True
Does 4 divide 78?
False
Is 5040 a multiple of 5?
True
Does 9 divide 2783?
False
Is 29 a factor of 70791?
False
Does 22 divide 36586?
True
Is 7560 a multiple of 84?
True
Does 174 divide 48888?
False
Does 12 divide 53975?
False
Does 23 divide 1403?
True
Is 37126 a multiple of 156?
False
Is 144 a factor of 11520?
True
Is 39338 a multiple of 23?
False
Is 9415 a multiple of 153?
False
Is 6 a factor of 1512?
True
Is 54 a factor of 36072?
True
Is 6 a factor of 1482?
True
Is 73 a factor of 45771?
True
Does 57 divide 1538?
False
Is 1122 a multiple of 6?
True
Is 103 a factor of 312?
False
Is 2668 a multiple of 14?
False
Is 38 a factor of 1684?
False
Is 43 a factor of 1798?
False
Is 81 a factor of 4434?
False
Does 282 divide 56905?
False
Is 510 a multiple of 15?
True
Is 771 a multiple of 9?
False
Is 5223 a multiple of 94?
False
Is 56 a factor of 8143?
False
Is 523 a multiple of 19?
False
Is 18954 a multiple of 18?
True
Is 13 a factor of 2672?
False
Does 85 divide 4342?
False
Does 20 divide 3980?
True
Does 12 divide 648?
True
Is 15 a factor of 825?
True
Does 32 divide 1597?
False
Is 3 a factor of 97?
False
Does 5 divide 969?
False
Is 146 a factor of 14709?
False
Does 24 divide 10584?
True
Does 41 divide 6724?
True
Does 5 divide 15?
True
Is 3967 a multiple of 71?
False
Is 10 a factor of 2515?
False
Does 59 divide 2282?
False
Is 40 a factor of 240?
True
Is 41 a factor of 3936?
True
Is 3793 a multiple of 24?
False
Does 14 divide 742?
True
Is 124 a factor of 3100?
True
Is 5134 a multiple of 14?
False
Is 33670 a multiple of 7?
True
Does 24 divide 72?
True
Does 14 divide 154?
True
Does 43 divide 1591?
True
Does 5 divide 209?
False
Is 5 a factor of 2500?
True
Is 515 a multiple of 3?
False
Does 136 divide 5304?
True
Is 533 a multiple of 13?
True
Is 11918 a multiple of 27?
False
Is 30 a factor of 2208?
False
Is 39860 a multiple of 492?
False
Does 79 divide 7136?
False
Does 5 divide 26?
False
Is 24 a factor of 358?
False
Is 133 a factor of 36176?
True
Is 2940 a multiple of 84?
True
Is 1350 a multiple of 9?
True
Is 2 a factor of 402?
True
Is 1627 a multiple of 44?
False
Is 104 a factor of 624?
True
Is 18714 a multiple of 33?
False
Is 84 a factor of 4032?
True
Is 72 a multiple of 3?
True
Does 6 divide 1218?
True
Does 40 divide 106?
False
Is 10 a factor of 7472?
False
Is 10604 a multiple of 195?
False
Is 11948 a multiple of 22?
False
Is 41 a factor of 162?
False
Does 28 divide 21420?
True
Is 2994 a multiple of 2?
True
Is 14 a factor of 578?
False
Is 43 a factor of 30014?
True
Is 142 a multiple of 12?
False
Is 4 a factor of 1119?
False
Does 19 divide 817?
True
Does 60 divide 4320?
True
Is 4 a factor of 755?
False
Is 3084 a multiple of 38?
False
Is 303 a multiple of 52?
False
Is 1719 a multiple of 5?
False
Does 8 divide 587?
False
Does 12 divide 9996?
True
Is 41 a factor of 1968?
True
Does 24 divide 1824?
True
Is 43 a factor of 4558?
True
Does 21 divide 420?
True
Is 19349 a multiple of 107?
False
Does 10 divide 1762?
False
Is 33177 a multiple of 13?
False
Does 114 divide 40403?
False
Is 11280 a multiple of 16?
True
Does 12 divide 589?
False
Is 357 a multiple of 9?
False
Is 466 a multiple of 14?
False
Is 104 a factor of 6448?
True
Does 5 divide 5370?
True
Is 147 a multiple of 7?
True
Is 40 a multiple of 3?
False
Is 12 a factor of 168?
True
Is 20608 a multiple of 14?
True
Does 18 divide 6498?
True
Is 117 a multiple of 3?
True
Is 15 a factor of 44237?
False
Is 2207 even?
False
Is 659 a multiple of 10?
False
Is 783 a multiple of 15?
False
Is 7 a factor of 371?
True
Is 20 a factor of 7486?
False
Is 212 a factor of 9417?
False
Does 185 divide 43331?
False
Is 12825 a multiple of 15?
True
Is 19 a factor of 545?
False
Is 47904 a multiple of 48?
True
Is 28652 a multiple of 38?
True
Does 80 divide 61440?
True
Does 30 divide 930?
True
Does 15 divide 3045?
True
Does 128 divide 13056?
True
Is 9095 a multiple of 17?
True
Does 94 divide 658?
True
Is 20 a factor of 20?
True
Is 13 a factor of 40?
False
Is 17 a factor of 2509?
False
Is 26 a factor of 74854?
True
Is 7 a factor of 84?
True
Is 16 a factor of 2096?
True
Is 7218 a multiple of 35?
False
Is 8 a factor of 179?
False
Is 19 a factor of 25133?
False
Is 274 a multiple of 2?
True
Does 78 divide 780?
True
Is 22144 a multiple of 22?
False
Is 23 a factor of 4209?
True
Is 1504 a multiple of 16?
True
Does 23 divide 4627?
False
Is 5579 a multiple of 2?
False
Does 70 divide 420?
True
Is 312 a factor of 13728?
True
Does 8 divide 576?
True
Is 1855 a multiple of 35?
True
Is 2 a factor of 2274?
True
Does 43 divide 22618?
True
Is 317 a factor of 71325?
True
Is 18216 a multiple of 46?
True
Does 10 divide 25020?
True
Does 36 divide 3096?
True
Does 17 divide 799?
True
Is 32 a factor of 288?
True
Is 73 a factor of 16498?
True
Is 33 a factor of 5907?
True
Is 384 a multiple of 6?
True
Does 118 divide 18054?
True
Is 9977 a multiple of 85?
False
Does 22 divide 2244?
True
Is 190 a multiple of 7?
False
Is 690 a multiple of 10?
True
Is 24 a factor of 1913?
False
Is 6065 a multiple of 19?
False
Is 89 a factor of 1172?
False
Is 341 a multiple of 59?
False
Is 1387 a multiple of 10?
False
Is 62 a factor of 2911?
False
Does 113 divide 23141?
False
Is 8 a factor of 216?
True
Is 15 a factor of 1334?
False
Is 27 a factor of 44280?
True
Does 155 divide 155?
True
Does 14 divide 756?
True
Is 223 a multiple of 21?
False
Does 15 divide 1305?
True
Is 41 a factor of 356?
False
Does 30 divide 3780?
True
Does 17 divide 49470?
True
Is 4 a factor of 1072?
True
Does 34 divide 9180?
True
Is 39 a factor of 741?
True
Is 44 a factor of 27566?
False
Is 30308 a multiple of 18?
False
Is 80 a factor of 410?
False
Is 18893 a multiple of 131?
False
Is 20256 a multiple of 32?
True
Does 21 divide 5678?
False
Does 24 divide 1296?
True
Is 329 a multiple of 47?
True
Is 32070 a multiple of 80?
False
Is 11304 a multiple of 125?
False
Does 68 divide 272?
True
Does 27 divide 31050?
True
Is 619 a multiple of 20?
False
Does 10 divide 80?
True
Does 12 divide 36396?
True
Is 88 a factor of 6168?
False
Is 780 a multiple of 26?
True
Is 7872 a multiple of 41?
True
Is 2145 a multiple of 13?
True
Is 151 a multiple of 8?
False
Is 42 a factor of 126?
True
Is 442 a multiple of 6?
False
Does 20 divide 860?
True
Is 123 a factor of 62276?
False
Is 99 a factor of 23413?
False
Is 20 a factor of 420?
True
Is 142 a multiple of 32?
False
Is 34 a factor of 167?
False
Is 4158 a multiple of 30?
False
Is 109 a factor of 11009?
True
Is 67 a factor of 920?
False
Does 47 divide 12267?
True
Does 29 divide 658?
False
Is 8547 a multiple of 78?
False
Is 380 a multiple of 4?
True
Does 91 divide 440?
False
Does 46 divide 12324?
False
Is 7 a factor of 476?
True
Is 590 a multiple of 10?
True
Is 415 a multiple of 27?
False
Is 3553 a multiple of 11?
True
Is 13 a factor of 9412?
True
Is 20 a factor of 1540?
True
Is 3424 a multiple of 107?
True
Does 50 divide 769?
False
Is 18 a factor of 1062?
True
Does 52 divide 1560?
True
Is 330 a factor of 4290?
True
Is 144 a multiple of 21?
False
Does 77 divide 3850?
True
Is 88 a factor of 21885?
False
Is 70 a factor of 15301?
False
Is 621 a multiple of 9?
True
Is 74 a factor of 13241?
False
Is 8371 a multiple of 23?
False
Is 29 a factor of 156?
False
Does 21 divide 15687?
True
Does 11 divide 1848?
True
Is 10746 a multiple of 54?
True
Is 22 a factor of 13480?
False
Is 5 a factor of 779?
False
Is 46992 a multiple of 356?
True
Is 49 a factor of 539?
True
Is 781 a multiple of 71?
True
Is 2149 a multiple of 22?
False
Is 7 a factor o